.
4
Let k(g) = g**3 + 2*g**2 + 9*g + 7. Let b(f) = f**3 + f**2 + 9*f + 7. Let c(o) = -6*b(o) + 7*k(o). What is c(-7)?
-7
Let w(n) = -4*n + 4. Let f be w(2). Let l(m) = m - 4*m + 2*m. Let d be l(f). Let i(t) = -t - 5. What is i(d)?
-9
Let j(c) = -c**2 + 7*c - 3. Let w be j(6). Let t(r) = -r - 3. Calculate t(w).
-6
Suppose 3*j + x + 0*x = 13, -4*x = -3*j + 23. Let g(m) = -4*m - 4*m**2 - 2*m + j*m**2. Let u = -8 + 14. Calculate g(u).
0
Let t(x) be the first derivative of -2*x**2 + 1/3*x**3 - 8 + 2*x. Calculate t(5).
7
Let a(i) = -i**3 - 3*i**2 - 3*i. Suppose -5*p - 2*t - 10 = -p, 4*p + 15 = 3*t. Let f be 0 - (0 + 1)*3. Let s be 0 + -1 - f/p. What is a(s)?
2
Suppose -2*v = -4 - 4. Let z(x) = -9*x**3 - 10*x**2 - 5*x - 1. Let d(q) = -5*q**3 - 5*q**2 - 3*q. Let c(t) = v*z(t) - 7*d(t). What is c(-5)?
-9
Let d(l) = 3*l**2 - l + 1. Suppose 0 = -4*f - 4, -2*f - 2 = q - 4*f. Let b = -3 - q. Calculate d(b).
3
Let d(f) = 6*f**2 + 8*f - 13. Suppose 21 = 4*p - 3. Let x(y) = -5*y**2 - 8*y + 12. Let b(l) = p*d(l) + 7*x(l). Calculate b(6).
-6
Let q(j) be the third derivative of -j**4/24 - j**3/2 + 3*j**2. Let b be q(-4). Let r(h) = -3*h**3 + h**2 - 1. What is r(b)?
-3
Let s(c) = c**3 - 6*c**2 + 6*c - 6. Let q be (4 - -3) + -3*1. What is s(q)?
-14
Let a(f) = -12*f**3 - 8*f**2 + 5 + 11*f**3 + 2*f**3 + 6*f. Give a(7).
-2
Let x(h) = 12 - 2 + 5*h**3 - 3 + 6*h**2 - 7*h - 6*h**3. What is x(5)?
-3
Let q(w) = -w**2 + 4*w - 2. Let x = 54 + -49. Determine q(x).
-7
Let o(f) be the second derivative of f**6/120 + f**5/30 - f**4/8 + 2*f**3/3 - 2*f**2 - 2*f. Let v(g) be the first derivative of o(g). Determine v(-3).
4
Let y = -12 - -27. Suppose y = -4*f + 7*f. Let b(h) = -5 + 1 + h - f + 5. What is b(4)?
0
Suppose -4*p = -3*w + 21, 1 = 3*p + 4*w - 2. Let o(a) = -2*a - 3. What is o(p)?
3
Let v(d) = d**2 - 4*d + 2. Suppose -5*r - 5 = 0, -3*s - 4*r + 0 + 5 = 0. Give v(s).
-1
Let d = 10 + -4. Let n(u) = -3 - 5*u + 0 - d*u**3 + u**2 + 7*u**3. Determine n(-3).
-6
Let i(m) = m**2 + 4*m - 5. Suppose -q - 29 = -3*r, 0 = -4*r - 5*q + 2*q + 17. Let g be r*3/12*-3. Give i(g).
7
Let y(c) = -9 + 12 + 2 + 26*c + 9. Let v(n) = -9*n - 5. Let o(b) = -17*v(b) - 6*y(b). Suppose 0 = 3*t - 3 - 0. Determine o(t).
-2
Let w(g) = g - 1. Let v be w(8). Let b = v + -2. Let c(o) = -o**3 + 5*o**2 + 2*o - 2. What is c(b)?
8
Let o = 26 + -23. Let z(r) be the second derivative of 2*r + 0*r**o + r**2 + 0 + 1/20*r**5 - 1/4*r**4. What is z(2)?
-2
Suppose l + 16 = -3*l. Let u(p) = p**2 - 4*p + 3. Let c be u(3). Let x = c + l. Let o(h) = h + 4. Determine o(x).
0
Let a be (4/3)/((-10)/(-15)). Let w(c) = -13 + 5 + 6*c**a + 7*c - 5*c**3 + 4*c**3. Calculate w(7).
-8
Let z(f) = -f**2 + 6*f + 4. Let i = -28 + 41. Let h(o) = -2*o**2 + 13*o + 8. Let q(j) = i*z(j) - 6*h(j). Calculate q(-4).
-12
Let l(g) = -g**3 - g + 1. Let z(n) = -n + 1. Let u be z(5). Let j(x) = -3*x**3 - 4*x**2 + 1. Let p(r) = u*l(r) + j(r). Determine p(3).
0
Suppose 0 = -4*q - 2*y + 14, 3*y - 6 = -4*q + 11. Let v(z) = -4*z - 2. Determine v(q).
-10
Let k(n) = 15*n - 12. Let o(t) = t**2 + 3*t - 4. Let x be o(-5). Let p(v) = 7*v - 6. Let u(a) = x*k(a) - 13*p(a). Calculate u(4).
2
Let z(g) = -7*g**2 + g - 10. Let l(m) = -13*m**2 + 2*m - 19. Let a(w) = 4*l(w) - 7*z(w). Let c(u) = 7*u**2 - u + 13. Let p(t) = -9*a(t) - 4*c(t). What is p(-6)?
-4
Let z = 54 + -53. Let p(m) = -2*m - 4*m**3 - m + 4*m**2 + 2*m**3. Let k(r) = 3*r**3 - 7*r**2 + 5*r. Let j(c) = 3*k(c) + 5*p(c). Calculate j(z).
-2
Let p(m) = 2*m**3 - m - 1. Let t = 5 + -6. Determine p(t).
-2
Suppose -2*h + 10 = 3*h. Suppose 0 = h*m + 3*m. Let q(g) = -g - 6. Give q(m).
-6
Let c be 5/(-2)*(-12)/15. Let m(d) = 15 - c - 8 + 2*d. What is m(-4)?
-3
Let k(a) = -6*a - 1. Let p = 9 + -6. Suppose 4*y - 7 = -3*v, 3*v - p*y = -0*v. Give k(v).
-7
Let i(x) = -5 + 5 + x. Let s be (-1)/(-2)*3*-4. Let z(u) = -2*u + 1. Let p(m) = s*z(m) - 11*i(m). What is p(4)?
-2
Suppose -35 = -3*a - i, 0 = -4*a + 2*i + 19 + 11. Let x be 18/(-30) - (-36)/a. Let k(z) = -z**3 + 3*z**2 - 3*z + 1. What is k(x)?
-8
Let o(y) = y**3 + 7*y**2 + 6*y. Suppose 2*u - j - 6 - 7 = 0, -5 = -4*u - 5*j. Suppose -u*t + 0 = 30. Give o(t).
0
Let v(s) be the third derivative of -s**5/60 - s**4/4 + s**3/3 + 24*s**2. Give v(-6).
2
Let w(l) = -2*l - l + l**2 + 4*l. Suppose -3*k + b + 9 = -8*k, -5*b - 15 = -5*k. Let g be k - 2/6*3. Give w(g).
2
Let x(b) = -7*b - 6*b + 7*b - 6*b + 1. Suppose 8 = 2*p + 6. What is x(p)?
-11
Let d(b) be the first derivative of b**2 - 82. Suppose q = -2*q + 12. Suppose 0*g - 7 = c - 4*g, 3*c + 5*g + q = 0. Calculate d(c).
-6
Let x(q) = 16*q**3 - 29*q**2 + 25*q + 41. Let s(f) = -3*f**3 + 6*f**2 - 5*f - 8. Let h(r) = 11*s(r) + 2*x(r). Determine h(7).
8
Let i(o) = -3*o**3 + 18*o**2 + 5*o - 23. Let p(c) = -2*c**3 + 12*c**2 + 3*c - 15. Let n(h) = 5*i(h) - 8*p(h). Give n(5).
-15
Let r(g) be the third derivative of g**5/60 - g**4/24 - 7*g**2. Determine r(3).
6
Let o(t) = 3*t**3 + t**2 - t + 1. Let q(n) = -n - 23. Let l be q(-14). Let v = l - -10. Give o(v).
4
Let i(s) = -s**3 + s**2 + s - 6. Let l be i(0). Let b = 8 + l. Let f = 3 + b. Let p(w) = w**2 - 3*w - 5. What is p(f)?
5
Let x(d) = 5 + 5*d - 3*d - 7. Let q(o) = -o**3 - 8*o**2 - 8*o - 9. Let j be q(-7). What is x(j)?
-6
Suppose 4*v + 18 = -2. Let i = v - -9. Let a(c) = -2 + c**3 - 3*c + 12 - 3*c**2 - 7. Calculate a(i).
7
Let n(d) be the first derivative of -2 - 1/120*d**6 + 1/2*d**2 - 1/10*d**5 - 5/24*d**4 + 0*d - 5/6*d**3. Let i(z) be the second derivative of n(z). Give i(-5).
-5
Let z(h) = 5*h**3 + 4*h**2 + 4*h - 4. Let s(x) = -4*x**3 - 3*x**2 - 3*x + 3. Let d(w) = 6*s(w) + 5*z(w). Let l = 2 + -2. Let o = -2 + l. Give d(o).
-6
Let z be 69/(-12) - 3/12. Let v(q) = 7*q + 3 - q**3 - 5*q**2 + 5 - 1. Calculate v(z).
1
Let y(o) = -o**3 + 3*o**2 + o - 1. Suppose -4*h + 2*z = -70, -50 + 10 = -3*h + 4*z. Suppose 4*k + h = 0, -5 = -11*n + 6*n - 3*k. Calculate y(n).
-13
Let p(c) = 5*c. Let d(x) = 3*x + 12. Let i(t) = t + 1. Let q(f) = d(f) - 2*i(f). Let n be q(-9). Determine p(n).
5
Let q = 5 - 3. Let f(j) = j**q + 4*j + 3*j**3 + 3 - 4*j**3 - 6. Give f(3).
-9
Let b = 0 - 0. Let f(c) be the second derivative of -c**4/24 + 4*c**3/3 - c**2 + 2*c. Let q(z) be the first derivative of f(z). Give q(b).
8
Let w(m) be the first derivative of m**5/60 - m**4/6 - m**2/2 + 3. Let o(q) be the second derivative of w(q). Let a = 13 - 9. Give o(a).
0
Let q(w) = w**2 - w + 1. Let s be q(0). Let f(p) = 1 + 4*p - 4*p - 2*p + s. Give f(3).
-4
Let d(a) = a**2 + 5*a. Let n be (-3)/(18/(-4))*6. Suppose -c = -w - 5, 0*c + n*c = 3*w + 15. What is d(w)?
0
Suppose -15 = 3*b - 6. Let f(q) = 3*q + 3. Determine f(b).
-6
Suppose 0 = 8*s - 13*s - 20. Let y(b) = b**3 + 4*b**2 + b + 3. Let u be y(s). Let c = u - 2. Let k(z) = z**3 + 3*z**2 - z + 3. Give k(c).
6
Let m(u) = -u**3 + 4*u**2 + 5*u - 3. Let h(s) = -7*s + 0 - 1 + 2*s - s. Let f be h(-1). Calculate m(f).
-3
Let g = 6 + -3. Let p(u) = 5*u - 2*u + g + 3*u - 2. Determine p(-1).
-5
Let s = 4 + -4. Let p be (1 - 3)/(s - -1). Let y = p - 2. Let l(q) = -q - 1. What is l(y)?
3
Let d(w) = 2 - 22*w**2 + 14*w**2 + 9*w**2 - 3*w. Give d(4).
6
Let z(j) = -j**3 - 2*j + 1. Let k be (-18)/22 + 4/(-22). Let f be ((-1)/1)/(1/k). What is z(f)?
-2
Let a(w) = w**2 - 13*w - 5. Let x(h) = h. Let r(b) = a(b) + 6*x(b). Suppose 24 = 2*u + 2*u. Give r(u).
-11
Let z(o) = -o + 3. Let m(l) = l**2 + l - 4. Let i = -4 + 1. Let d be m(i). Suppose 9 = -5*j - 3*u, -d*u = 3*j - 8*j + 6. Calculate z(j).
3
Let j(m) = -m**2 - m. Let y(s) = 3 + 5*s + 1 - 3 + 3. Let q(t) = -j(t) - y(t). Give q(4).
-4
Let i(p) = -p**3 - 4*p**2 + 3. Let j be i(-4). Let r(o) = -o**3 + o**2. Let g(m) = 3*m**3 - 4*m**2 - 5*m + 2. Let u(q) = g(q) + 2*r(q). Give u(j).
-4
Let y(o) be the third derivative of o**5/15 + o**4/24 - o**3/6 + 13*o**2. Determine y(-2).
13
Let q(y) = -13*y - 14*y + 24*y - 8*y. Let k = 6 - -12. Let o be (-22)/k - 4/(-18). What is q(o)?
11
Suppose 3*b = -0 + 6. Let a(w) = -6*w**b - 2 + 1 - 4*w + 4*w - 2*w. Determine a(-1).
-5
Let m(i) be the first derivative of -4/3*i**3 + 1/2*i**2 + 1/4*i**4 + 1 + 0*i. Let o = 5 - 3. Calculate m(o).
-6
Let x(m) be the first derivative of -5*m**4/4 + 11*m**3/3 - 7*m + 3. Let w(f) = -6*f**3 + 12*f**2 + f - 8. Let j(q) = -4*w(q) + 5*x(q). What is j(6)?
9
Let m(x) = -x**3 +